digit of 5216?
2
What is the ten thousands digit of 23118?
2
What is the hundreds digit of 1984?
9
What is the tens digit of 2310?
1
What is the units digit of 3378?
8
What is the units digit of 64529?
9
What is the thousands digit of 21654?
1
What is the units digit of 11862?
2
What is the hundreds digit of 343?
3
What is the units digit of 1518?
8
What is the thousands digit of 6229?
6
What is the tens digit of 36552?
5
What is the hundreds digit of 16311?
3
What is the thousands digit of 53430?
3
What is the tens digit of 390?
9
What is the units digit of 731?
1
What is the thousands digit of 11638?
1
What is the hundreds digit of 5845?
8
What is the ten thousands digit of 51109?
5
What is the hundreds digit of 1693?
6
What is the units digit of 242?
2
What is the units digit of 71142?
2
What is the hundreds digit of 650?
6
What is the tens digit of 726?
2
What is the tens digit of 4030?
3
What is the thousands digit of 16177?
6
What is the tens digit of 120993?
9
What is the thousands digit of 1280?
1
What is the hundreds digit of 172209?
2
What is the hundreds digit of 552?
5
What is the tens digit of 34263?
6
What is the tens digit of 87?
8
What is the thousands digit of 6661?
6
What is the units digit of 23360?
0
What is the ten thousands digit of 15628?
1
What is the thousands digit of 9075?
9
What is the thousands digit of 1045?
1
What is the tens digit of 230?
3
What is the thousands digit of 5885?
5
What is the thousands digit of 34621?
4
What is the units digit of 25?
5
What is the tens digit of 95556?
5
What is the hundreds digit of 7678?
6
What is the tens digit of 199?
9
What is the thousands digit of 23560?
3
What is the ten thousands digit of 33493?
3
What is the units digit of 786?
6
What is the units digit of 92486?
6
What is the thousands digit of 6497?
6
What is the units digit of 171?
1
What is the hundreds digit of 29488?
4
What is the units digit of 53713?
3
What is the thousands digit of 1136?
1
What is the thousands digit of 7557?
7
What is the thousands digit of 2679?
2
What is the tens digit of 72?
7
What is the tens digit of 1082?
8
What is the tens digit of 5413?
1
What is the ten thousands digit of 34280?
3
What is the tens digit of 27127?
2
What is the hundreds digit of 10674?
6
What is the hundreds digit of 12438?
4
What is the ten thousands digit of 24377?
2
What is the thousands digit of 4983?
4
What is the units digit of 5675?
5
What is the hundreds digit of 3750?
7
What is the units digit of 86907?
7
What is the thousands digit of 1296?
1
What is the tens digit of 4117?
1
What is the hundreds digit of 7743?
7
What is the ten thousands digit of 15688?
1
What is the units digit of 15403?
3
What is the thousands digit of 1116?
1
What is the units digit of 886?
6
What is the units digit of 28694?
4
What is the thousands digit of 6105?
6
What is the tens digit of 1296?
9
What is the tens digit of 7739?
3
What is the thousands digit of 15396?
5
What is the thousands digit of 1109?
1
What is the tens digit of 22321?
2
What is the tens digit of 5091?
9
What is the ten thousands digit of 28308?
2
What is the thousands digit of 123883?
3
What is the ten thousands digit of 11451?
1
What is the hundreds digit of 1375?
3
What is the tens digit of 26845?
4
What is the tens digit of 8828?
2
What is the hundreds digit of 633?
6
What is the tens digit of 601?
0
What is the units digit of 7419?
9
What is the hundreds digit of 3319?
3
What is the tens digit of 61?
6
What is the units digit of 2815?
5
What is the tens digit of 3218?
1
What is the ten thousands digit of 17992?
1
What is the tens digit of 11944?
4
What is the tens digit of 133?
3
What is the tens digit of 161?
6
What is the tens digit of 6812?
1
What is the tens digit of 1374?
7
What is the units digit of 18002?
2
What is the tens digit of 41657?
5
What is the hundreds digit of 11416?
4
What is the thousands digit of 1150?
1
What is the tens digit of 464?
6
What is the units digit of 21300?
0
What is the hundreds digit of 58746?
7
What is the units digit of 25606?
6
What is the units digit of 2482?
2
What is the hundreds digit of 131596?
5
What is the hundreds digit of 947?
9
What is the hundred thousands digit of 114042?
1
What is the units digit of 5542?
2
What is the units digit of 3480?
0
What is the tens digit of 329?
2
What is the tens digit of 8087?
8
What is the thousands digit of 2197?
2
What is the units digit of 9512?
2
What is the tens digit of 10942?
4
What is the hundreds digit of 1283?
2
What is the hundreds digit of 1409?
4
What is the thousands digit of 33891?
3
What is the thousands digit of 5019?
5
What is the units digit of 780?
0
What is the thousands digit of 20297?
0
What is the units digit of 2708?
8
What is the thousands digit of 15748?
5
What is the tens digit of 9403?
0
What is the thousands digit of 1108?
1
What is the tens digit of 8130?
3
What is the units digit of 154?
4
What is the hundred thousands digit of 101665?
1
What is the tens digit of 428?
2
What is the hundreds digit of 320?
3
What is the tens digit of 6980?
8
What is the hundreds digit of 572?
5
What is the hundreds digit of 28472?
4
What is the units digit of 8091?
1
What is the thousands digit of 90466?
0
What is the hundreds digit of 999?
9
What is the tens digit of 81291?
9
What is the hundreds digit of 1108?
1
What is the units digit of 8771?
1
What is the tens digit of 5523?
2
What is the tens digit of 22645?
4
What is the thousands digit of 25373?
5
What is the units digit of 1324?
4
What is the tens digit of 1767?
6
What is the hundreds digit of 1041?
0
What is the tens digit of 116?
1
What is the units digit of 168?
8
What is the units digit of 2539?
9
What is the thousands digit of 11666?
1
What is the units digit of 523?
3
What is the hundreds digit of 1039?
0
What is the thousands digit of 23676?
3
What is the units digit of 838?
8
What is the hundreds digit of 255?
2
What is the units digit of 34193?
3
What is the units digit of 28381?
1
What is the units digit of 558?
8
What is the thousands digit of 9500?
9
What is the tens digit of 905?
0
What is the hundreds digit of 14172?
1
What is the hundreds digit of 3740?
7
What is the tens digit of 380?
8
What is the hundreds digit of 64212?
2
What is the hundreds digit of 1734?
7
What is the hundreds digit of 2423?
4
What is the tens digit of 1459?
5
What is the thousands digit of 36368?
6
What is the hundreds digit of 57199?
1
What is the thousands digit of 80585?
0
What is the tens digit of 5791?
9
What is the thousands digit of 1861?
1
What is the hundreds digit of 2691?
6
What is the ten thousands digit of 143056?
4
What is the hundreds digit of 65373?
3
What is the hundreds digit of 511?
5
What is the tens digit of 86890?
9
What is the tens digit of 545?
4
What is the thousands digit of 1913?
1
What is the tens digit of 64860?
6
What is the tens digit of 64?
6
What is the thousands digit of 22020?
2
What is the ten thousands digit of 33492?
3
What is the hundreds digit of 1543?
5
What is the hundreds digit of 23324?
3
What is the units digit of 9092?
2
What is the hundreds digit of 494?
4
What is the units digit of 1705?
5
What is the units digit of 8158?
8
What is the units digit of 1180?
0
What is the units digit of 20560?
0
What is the tens digit of 11169?
6
What is the units digit of 8635?
5
What is the units digit of 463?
3
What is the hundreds digit of 37397?
3
What is the hundreds digit of 10396?
3
What is the ten thousands digit of 10981?
1
What is the units digit of 20785?
5
What is the tens digit of 10804?
0
What is the hundreds digit of 23786?
7
What is the thousands digit of 9365?
9
What is the tens digit of 90521?
2
What is the tens digit of 1218?
1
What is the thousands digit of 1720?
1
What is the ten thousands digit of 51440?
5
What is the units digit of 4782?
2
What is the hundreds digit of 2273?
2
What is the tens digit of 2507?
0
What is the thousands digit of 3599?
3
What is the tens digit of 104247?
4
What is the thousands digit of 21506?
1
What is the tens digit of 959?
5
What is the thousands digit of 3810?
3
What is the thousands digit of 1811?
1
What is the ten thousands digit of 166230?
6
What is the units digit of 3831?
1
What is the units digit of 893?
3
What is the thousand